{"id":2327,"date":"2026-03-05T08:58:32","date_gmt":"2026-03-05T07:58:32","guid":{"rendered":"https:\/\/zs.gellnerka.cz\/subdom\/zs\/?page_id=2327"},"modified":"2026-03-05T08:58:32","modified_gmt":"2026-03-05T07:58:32","slug":"provoz-zs-ve-skolnim-roce-2025-26","status":"publish","type":"page","link":"https:\/\/zs.gellnerka.cz\/subdom\/zs\/provoz-zs-ve-skolnim-roce-2025-26\/","title":{"rendered":"Provoz Z\u0160 ve \u0161koln\u00edm roce 2025\/26"},"content":{"rendered":"<div data-olk-copy-source=\"MessageBody\"><strong>\u0158editelsk\u00e9 volno<\/strong><\/div>\n<div><\/div>\n<div>Ve dnech 29. &#8211; 30. 6. 2026\u00a0 vyhla\u0161uje \u0159editelka \u0161koly z organiza\u010dn\u00edch d\u016fvod\u016f \u0159editelsk\u00e9 volno. V tento den neprob\u00edh\u00e1 v\u00fduka.<\/div>\n<div><\/div>\n<div>Zakon\u010den\u00ed \u0161koln\u00edho roku v\u010detn\u011b p\u0159ed\u00e1n\u00ed vysv\u011bd\u010den\u00ed prob\u011bhne dne 26. 6. 2026.<\/div>\n","protected":false},"excerpt":{"rendered":"<p>\u0158editelsk\u00e9 volno Ve dnech 29. &#8211; 30. 6. 2026\u00a0 vyhla\u0161uje \u0159editelka \u0161koly z organiza\u010dn\u00edch d\u016fvod\u016f \u0159editelsk\u00e9 volno. V tento den neprob\u00edh\u00e1 v\u00fduka. Zakon\u010den\u00ed \u0161koln\u00edho roku v\u010detn\u011b p\u0159ed\u00e1n\u00ed vysv\u011bd\u010den\u00ed prob\u011bhne dne 26. 6. 2026.<\/p>\n","protected":false},"author":2,"featured_media":0,"parent":0,"menu_order":0,"comment_status":"closed","ping_status":"closed","template":"","meta":[],"_links":{"self":[{"href":"https:\/\/zs.gellnerka.cz\/subdom\/zs\/wp-json\/wp\/v2\/pages\/2327"}],"collection":[{"href":"https:\/\/zs.gellnerka.cz\/subdom\/zs\/wp-json\/wp\/v2\/pages"}],"about":[{"href":"https:\/\/zs.gellnerka.cz\/subdom\/zs\/wp-json\/wp\/v2\/types\/page"}],"author":[{"embeddable":true,"href":"https:\/\/zs.gellnerka.cz\/subdom\/zs\/wp-json\/wp\/v2\/users\/2"}],"replies":[{"embeddable":true,"href":"https:\/\/zs.gellnerka.cz\/subdom\/zs\/wp-json\/wp\/v2\/comments?post=2327"}],"version-history":[{"count":1,"href":"https:\/\/zs.gellnerka.cz\/subdom\/zs\/wp-json\/wp\/v2\/pages\/2327\/revisions"}],"predecessor-version":[{"id":2328,"href":"https:\/\/zs.gellnerka.cz\/subdom\/zs\/wp-json\/wp\/v2\/pages\/2327\/revisions\/2328"}],"wp:attachment":[{"href":"https:\/\/zs.gellnerka.cz\/subdom\/zs\/wp-json\/wp\/v2\/media?parent=2327"}],"curies":[{"name":"wp","href":"https:\/\/api.w.org\/{rel}","templated":true}]}}

Provoz ZŠ ve školním roce 2025/26

<div data-olk-copy-source="MessageBody"><strong>Ředitelské volno</strong></div>
<div></div>
<div>Ve dnech 29. &#8211; 30. 6. 2026  vyhlašuje ředitelka školy z organizačních důvodů ředitelské volno. V tento den neprobíhá výuka.</div>
<div></div>
<div>Zakončení školního roku včetně předání vysvědčení proběhne dne 26. 6. 2026.</div>

<p>Ředitelské volno Ve dnech 29. &#8211; 30. 6. 2026  vyhlašuje ředitelka školy z organizačních důvodů ředitelské volno. V tento den neprobíhá výuka. Zakončení školního roku včetně předání vysvědčení proběhne dne 26. 6. 2026.</p>
